= -a**2 - 10*a - 10. Determine v(-10).
-10
Let g(o) = -o**3 + 4*o**2 + 5. Calculate g(6).
-67
Let m(j) = -j**2 - 8*j + 10. Give m(-7).
17
Let v(u) = -u**3 + 35*u**2 - 31*u - 99. What is v(34)?
3
Let m(u) = -u**2 - 8*u + 14. Calculate m(-6).
26
Let z(s) = 7*s + 66. Give z(-9).
3
Let k(l) = l**3 + 21*l**2 + 18*l - 53. Determine k(-20).
-13
Let t(g) = g**2 - 14*g - 19. Give t(15).
-4
Let p(x) = x**3 + 11*x**2 + 3*x + 23. Calculate p(-10).
93
Let o(f) = -3*f**3 - 7*f**2 + 8*f - 1. Calculate o(1).
-3
Let y(s) = -3*s + 3. What is y(-4)?
15
Let g(q) = -q**2 - 6*q - 2. Calculate g(-7).
-9
Let h(d) = 5*d - 47. Give h(8).
-7
Let r(m) = -3*m**2 - 17*m - 3. Give r(-5).
7
Let z(g) = g**3 + 19*g**2 + 25*g + 16. Calculate z(-18).
-110
Let t(u) = 9*u - 14. What is t(-5)?
-59
Let g(j) = -3*j**3 + 2*j**2 - 2*j - 1. What is g(2)?
-21
Let i(s) = -s**2 + 6*s + 15. Determine i(5).
20
Let x(p) = 4*p**2 + 5*p + 3. Determine x(-3).
24
Let i(l) = l**2 + 24*l + 95. What is i(-10)?
-45
Let s(u) = -13*u - 1. What is s(1)?
-14
Let s(z) = z**2 - 18*z + 22. What is s(17)?
5
Let n(j) = 2*j - 3. Calculate n(-11).
-25
Let k(p) = p**3 + 8*p**2 + 11*p + 12. Give k(-8).
-76
Let f(k) = k**3 - 10*k**2 + 16*k + 12. What is f(8)?
12
Let z(b) = b**2 - 3*b - 7. What is z(5)?
3
Let d(p) = -p**3 - 33*p**2 + 2*p + 59. What is d(-33)?
-7
Let x(a) = a**2 + 13*a + 52. Calculate x(-4).
16
Let t(q) = 3*q + 28. Determine t(-20).
-32
Let x(o) = -38*o - 4. What is x(-2)?
72
Let a(y) = y**3 - 8*y**2 + 9*y + 11. Determine a(6).
-7
Let d(w) = w**3 - 17*w**2 - 10*w - 160. Determine d(18).
-16
Let a(c) = -c**3 + 19*c**2 + 64*c + 36. Give a(22).
-8
Let a(x) = -4*x - 28. Determine a(-8).
4
Let v(r) = -16*r + 63. Calculate v(5).
-17
Let j(d) = -d**2 + 5*d - 4. What is j(5)?
-4
Let o(l) = 7*l + 3. Give o(-3).
-18
Let k(z) = -z**3 - 11*z**2 - 8*z - 8. What is k(-11)?
80
Let i(v) = -8*v + 9. Give i(3).
-15
Let p(t) = t**2 + 10*t - 7. Calculate p(-6).
-31
Let n(q) = -3*q**2 + 9*q. Determine n(3).
0
Let z(n) = 6*n + 14. Calculate z(-6).
-22
Let b(g) = -g**2 + 7*g - 5. What is b(7)?
-5
Let p(g) = 7*g - 2. Determine p(5).
33
Let p(q) = q**2 + 37*q + 33. Give p(-36).
-3
Let g(i) = i**3 + 9*i**2 - 2*i - 3. Determine g(-9).
15
Let p(q) = 3*q - 25. Calculate p(8).
-1
Let a(l) = -13*l - 77. What is a(-11)?
66
Let z(s) = -2*s + 2. Give z(-6).
14
Let q(p) = p**3 - 14*p**2 + p - 23. Give q(14).
-9
Let k(a) = -a**3 + 9*a**2 + 12*a - 10. Give k(10).
10
Let l(a) = -a - 8. Determine l(-4).
-4
Let g(r) = -2*r**2 + 7*r - 7. Calculate g(6).
-37
Let p(r) = r**3 + 34*r**2 - r - 37. What is p(-34)?
-3
Let y(s) = -63*s**2 - 5*s - 3. Give y(-1).
-61
Let y(n) = n**2 + 8*n + 4. Calculate y(-6).
-8
Let b(k) = -k**3 - 15*k**2 + 14*k - 36. Calculate b(-16).
-4
Let n(y) = -3*y + 2. Calculate n(0).
2
Let m(w) = w**3 - 16*w**2 - 18*w + 8. What is m(17)?
-9
Let k(b) = -b**2 + 45. Determine k(0).
45
Let k(j) = -j**3 + 38*j**2 - 39*j + 72. Give k(37).
-2
Let i(s) = s**2 - 32*s - 22. What is i(31)?
-53
Let k(b) = b**2 + 11*b + 1. Calculate k(-12).
13
Let y(j) = -48*j - 418. Calculate y(-9).
14
Let y(x) = x**3 - 6*x**2 + 11*x + 5. Calculate y(4).
17
Let x(m) = 8*m**2 - 45*m - 6. Calculate x(6).
12
Let j(a) = a**2 + 11*a - 1. Calculate j(-9).
-19
Let d(c) = 37*c - 1. Determine d(1).
36
Let m(f) = 6*f + 271. Calculate m(-42).
19
Let q(u) = 6*u - 9. Calculate q(4).
15
Let v(l) = -59*l + 120. Give v(2).
2
Let i(u) = -u**3 + 40*u**2 + 42*u - 74. Determine i(41).
-33
Let o(t) = 6*t - 8. What is o(6)?
28
Let d(v) = 4*v**2 - v - 2. What is d(-2)?
16
Let f(g) = 6*g - 65. What is f(14)?
19
Let k(j) = -j**3 - 8*j**2 + 12*j + 11. What is k(-9)?
-16
Let p(f) = -f**3 - 11*f**2 - 19. Calculate p(-11).
-19
Let i(d) = d**3 - 9*d**2 + 16*d - 65. Give i(8).
-1
Let b(f) = 15*f**2 + 1. Give b(-1).
16
Let h(i) = -i**3 - 5*i**2 - 5*i - 13. What is h(-7)?
120
Let r(w) = 5*w. Calculate r(-10).
-50
Let o(w) = -w**2 + 7*w - 2. Determine o(4).
10
Let q(o) = -3*o - 10. What is q(-8)?
14
Let v(q) = q**2 + 13*q + 14. Determine v(-9).
-22
Let i(u) = 8*u**3 - u. What is i(1)?
7
Let g(c) = -4*c**2 + 15*c - 8. Give g(4).
-12
Let h(w) = w**3 + 3*w**2 + 2*w - 1. What is h(-3)?
-7
Let r(h) = -12*h - 220. Calculate r(-19).
8
Let p(f) = -20*f**2 - f + 1. Give p(1).
-20
Let h(n) = 3*n + 40. Determine h(0).
40
Let u(x) = -x**2 - 14*x - 18. Determine u(-12).
6
Let m(z) = z**3 + 23*z**2 + 21*z + 23. Determine m(-22).
45
Let f(p) = -2*p**2 + 36*p - 88. Give f(14).
24
Let q(w) = -w**2 + 26*w - 97. Determine q(19).
36
Let t(o) = -2*o - 37. Give t(12).
-61
Let c(g) = -g**3 + 4*g**2 + 10*g - 17. Give c(5).
8
Let c(a) = 2*a**3 + 5*a**2 - a - 1. Give c(-4).
-45
Let v(u) = -u**2 + u - 2. What is v(0)?
-2
Let z(g) = -9*g**2 + 4*g + 5. What is z(-2)?
-39
Let v(b) = 7*b - 56. Calculate v(7).
-7
Let o(i) = i**3 - i + 1. Calculate o(2).
7
Let k(q) = q**2 - 11*q + 20. Determine k(4).
-8
Let k(w) = 2*w**3 + 48*w**2 - w - 36. What is k(-24)?
-12
Let n(w) = 3*w**2. Give n(-6).
108
Let g(r) = -r**3 + 68*r**2 - 61*r - 420. Give g(67).
-18
Let s(a) = a**3 - 7*a**2 + 8*a + 3. What is s(2)?
-1
Let x(g) = -7*g**3 + 7*g**2 - 14*g - 4. Calculate x(2).
-60
Let c(z) = -z**3 + 11*z**2 + 15*z - 14. What is c(12)?
22
Let k(q) = 2*q**2 - 7*q - 8. Determine k(-1).
1
Let y(q) = 6*q**2 + 15*q + 13. What is y(-1)?
4
Let t(f) = -22*f + 988. Calculate t(45).
-2
Let j(p) = -p**2 - 6*p - 12. What is j(-5)?
-7
Let a(u) = -7*u**2 - 442*u - 64. Give a(-63).
-1
Let s(k) = 2*k - 17. Determine s(10).
3
Let z(y) = -y**2 - 7*y - 11. What is z(-11)?
-55
Let c(s) = -s**3 - 4*s**2 + 6*s + 5. Determine c(-5).
0
Let j(q) = 7*q - 13. Give j(2).
1
Let j(l) = -43*l + 422. What is j(10)?
-8
Let a(v) = -v**3 - v**2 + 44*v - 9. Give a(6).
3
Let f(z) = z**3 + 4*z**2 + 10. Give f(-5).
-15
Let y(w) = -w**3 - 26*w**2 - 4. Calculate y(-26).
-4
Let g(j) = -j**2 + j + 11. Determine g(3).
5
Let o(r) = r**3 - 10*r**2 - 8*r - 21. Calculate o(11).
12
Let i(o) = -8*o - 55. What is i(15)?
-175
Let q(i) = -17*i - 334. Calculate q(-20).
6
Let x(f) = 8*f**2 + 121*f + 2. Determine x(-15).
-13
Let d(f) = -f**2 - f - 8. Give d(-9).
-80
Let g(o) = 26*o**2 + 7*o - 6. Give g(1).
27
Let r(v) = -2*v**2 + 11*v - 4. Calculate r(5).
1
Let c(s) = -2*s**2 - 17*s. Give c(-7).
21
Let d(w) = -w + 2. Calculate d(-11).
13
Let v(h) = 31*h + 331. What is v(-11)?
-10
Let u(s) = s**3 + 9*s**2 + 8*s - 1. Give u(-7).
41
Let h(g) = 30*g + 751. Calculate h(-25).
1
Let d(w) = 3*w**2 + 4*w - 2. Determine d(-5).
53
Let b(c) = -4*c**2 - 118*c - 31. What is b(-29)?
27
Let d(u) = -u**2 + 4*u + 2. Give d(-4).
-30
Let d(n) = n**2 + n - 14. Determine d(3).
-2
Let t(k) = 2*k**2 + 9*k - 24. Calculate t(-11).
119
Let y(x) = x**2 + 6*x + 2. Give y(-1).
-3
Let y(d) = 23*d**2 - 12*d + 1. Determine y(1).
12
Let a(g) = 10*g + 145. Calculate a(-13).
15
Let k(m) = -m**3 + 5*m + 9. Give k(3).
-3
Let k(d) = -10*d. Calculate k(1).
-10
Let u(r) = r**3 - 3*r**2 - 3*r - 4. What is u(4)?
0
Let g(a) = 4*a + 101. Calculate g(-27).
-7
Let v(b) = -b + 16. Determine v(9).
7
Let d(w) = 74*w + 63. Determine d(-1).
-11
Let w(l) = -4*l - 24. What is w(-5)?
-4
Let x(u) = -17*u - 1. What is x(1)?
-18
Let o(v) = -v**3 - 7*v**2 + 5*v - 8. Calculate o(-8).
16
Let h(l) = -l + 25. Calculate h(19).
6
Let b(f) = f**3 - 13*f**2 + f - 7. Determine b(13).
6
Let n(p) = -3*p + 1. Calculate n(-1).
4
Let r(b) = -b**3 - 5*b**2 - 3*b - 11. Give r(-5).
4
Let z(p) = 34*p**3 - p**2. Calculate z(-1).
-35
Let j(v) = -2*v**2 + 7*v + 43. Calculate j(7).
-6
Let b(s) = -34*s - 2. Give b(1).
-36
Let q(s) = 3*s**3 - 45*s**2 + s - 13. Give q(15).
2
Let j(w) = 387*w + 1940. Calculate j(-5).
5
Let w(c) = c**2 - 5*c + 2. Calculate w(2).
-4
Let g(u) = -2*u**3 - 24*u**2 - u - 8. Calculate g(-12).
4
Let t(s) = -s**3 - 10*s**2 + 14*s + 35. Calculate t(-11).
2
Let n(m) = -3*m**2 + 51*m + 10. Calculate n(17).
10
Let g(h) = -11*h + 2. What is g(5)?
-53
Let b(q) = -q**3 - 11*q**2 + 15*q + 37. Give b(-12).
1
Let p(r) = -4*r - 7. Give p(-3).
5
Let x(j) = -18*j + 9. What is x(1)?
-9
Let l(m) = -13*m**2 + m - 1. Give l(1).
-13
Let c(x) = -3*x - 1. Calculate c(5).
-16
Let b(p) = -6*p + 4. Determine b(2).
-8
Let f(m) = m**2 - 16*m + 28. What is f(14)?
0
Let f(b) = -b**3 - 13*b**2 + b - 13. Calculate f(-13).
-26
Let h(w) = 20*w**2 - 2*w - 2. Determine h(-1).
20
